{"id":25,"date":"2025-06-05T23:57:27","date_gmt":"2025-06-05T20:57:27","guid":{"rendered":"http:\/\/basarchitecture.com\/?page_id=25"},"modified":"2025-09-03T13:17:18","modified_gmt":"2025-09-03T10:17:18","slug":"hizmetlerimiz","status":"publish","type":"page","link":"https:\/\/basarchitecture.com\/index.php\/hizmetlerimiz\/","title":{"rendered":"Hizmetlerimiz"},"content":{"rendered":"\t\t<div data-elementor-type=\"wp-page\" data-elementor-id=\"25\" class=\"elementor elementor-25\">\n\t\t\t\t<div class=\"elementor-element elementor-element-47f7b90 e-con-full e-flex e-con e-parent\" data-id=\"47f7b90\" data-element_type=\"container\" data-settings=\"{&quot;background_background&quot;:&quot;video&quot;,&quot;background_video_link&quot;:&quot;\\\/wp-content\\\/uploads\\\/2025\\\/08\\\/Hizmetlerimiz.mp4&quot;,&quot;background_video_start&quot;:0,&quot;background_play_on_mobile&quot;:&quot;yes&quot;,&quot;shape_divider_bottom&quot;:&quot;mountains&quot;,&quot;animation&quot;:&quot;none&quot;}\">\n\t\t<div class=\"elementor-background-video-container\">\n\t\t\t\t\t\t\t<video class=\"elementor-background-video-hosted\" autoplay muted playsinline loop><\/video>\n\t\t\t\t\t<\/div>\t\t<div class=\"elementor-shape elementor-shape-bottom\" aria-hidden=\"true\" data-negative=\"false\">\n\t\t\t<svg xmlns=\"http:\/\/www.w3.org\/2000\/svg\" viewBox=\"0 0 1000 100\" preserveAspectRatio=\"none\">\n\t<path class=\"elementor-shape-fill\" opacity=\"0.33\" d=\"M473,67.3c-203.9,88.3-263.1-34-320.3,0C66,119.1,0,59.7,0,59.7V0h1000v59.7 c0,0-62.1,26.1-94.9,29.3c-32.8,3.3-62.8-12.3-75.8-22.1C806,49.6,745.3,8.7,694.9,4.7S492.4,59,473,67.3z\"\/>\n\t<path class=\"elementor-shape-fill\" opacity=\"0.66\" d=\"M734,67.3c-45.5,0-77.2-23.2-129.1-39.1c-28.6-8.7-150.3-10.1-254,39.1 s-91.7-34.4-149.2,0C115.7,118.3,0,39.8,0,39.8V0h1000v36.5c0,0-28.2-18.5-92.1-18.5C810.2,18.1,775.7,67.3,734,67.3z\"\/>\n\t<path class=\"elementor-shape-fill\" d=\"M766.1,28.9c-200-57.5-266,65.5-395.1,19.5C242,1.8,242,5.4,184.8,20.6C128,35.8,132.3,44.9,89.9,52.5C28.6,63.7,0,0,0,0 h1000c0,0-9.9,40.9-83.6,48.1S829.6,47,766.1,28.9z\"\/>\n<\/svg>\t\t<\/div>\n\t\t\t\t<div class=\"elementor-element elementor-element-c9f0fb0 elementor-widget elementor-widget-heading\" data-id=\"c9f0fb0\" data-element_type=\"widget\" data-widget_type=\"heading.default\">\n\t\t\t\t<div class=\"elementor-widget-container\">\n\t\t\t\t\t<h1 class=\"elementor-heading-title elementor-size-default\">Hizmetlerimiz<\/h1>\t\t\t\t<\/div>\n\t\t\t\t<\/div>\n\t\t\t\t<div class=\"elementor-element elementor-element-1cd6974 elementor-widget elementor-widget-text-editor\" data-id=\"1cd6974\" data-element_type=\"widget\" data-widget_type=\"text-editor.default\">\n\t\t\t\t<div class=\"elementor-widget-container\">\n\t\t\t\t\t\t\t\t\t<section id=\"comp-ku3tuwqi\" class=\"comp-ku3tuwqi CohWsy wixui-column-strip\" tabindex=\"-1\" aria-label=\"main content\"><div class=\"V5AUxf\" data-testid=\"columns\"><div id=\"comp-ku3tuwqm\" class=\"comp-ku3tuwqm YzqVVZ wixui-column-strip__column\"><div class=\"\" data-mesh-id=\"comp-ku3tuwqminlineContent\" data-testid=\"inline-content\"><div data-mesh-id=\"comp-ku3tuwqminlineContent-gridContainer\" data-testid=\"mesh-container-content\"><div id=\"comp-ku3tuwqq\" class=\"Z_l5lU MMl86N zQ9jDz qvSjx3 Vq6kJx comp-ku3tuwqq wixui-rich-text\" data-testid=\"richTextElement\"><p class=\"font_6 wixui-rich-text__text\"><span class=\"wixui-rich-text__text\">\u0130htiyac\u0131n\u0131z Olan Vermek \u0130\u00e7in Buraday\u0131z.<\/span><\/p><\/div><\/div><\/div><\/div><\/div><\/section>\t\t\t\t\t\t\t\t<\/div>\n\t\t\t\t<\/div>\n\t\t\t\t<\/div>\n\t\t<div class=\"elementor-element elementor-element-4b0de65 e-con-full e-flex e-con e-parent\" data-id=\"4b0de65\" data-element_type=\"container\" data-settings=\"{&quot;background_background&quot;:&quot;classic&quot;}\">\n\t\t<div class=\"elementor-element elementor-element-ae2873b e-con-full e-flex e-con e-child\" data-id=\"ae2873b\" data-element_type=\"container\">\n\t\t\t\t<div class=\"elementor-element elementor-element-5b5c693 elementor-widget elementor-widget-image\" data-id=\"5b5c693\" data-element_type=\"widget\" data-widget_type=\"image.default\">\n\t\t\t\t<div class=\"elementor-widget-container\">\n\t\t\t\t\t\t\t\t\t\t\t\t\t\t\t<img fetchpriority=\"high\" decoding=\"async\" width=\"1181\" height=\"960\" src=\"https:\/\/basarchitecture.com\/wp-content\/uploads\/2025\/08\/Mimari-Program-Egitimlerimiz.gif\" class=\"attachment-2048x2048 size-2048x2048 wp-image-137\" alt=\"\" \/>\t\t\t\t\t\t\t\t\t\t\t\t\t\t\t<\/div>\n\t\t\t\t<\/div>\n\t\t\t\t<\/div>\n\t\t<div class=\"elementor-element elementor-element-644daf0 e-con-full e-flex e-con e-child\" data-id=\"644daf0\" data-element_type=\"container\">\n\t\t\t\t<div class=\"elementor-element elementor-element-ff60803 elementor-widget elementor-widget-heading\" data-id=\"ff60803\" data-element_type=\"widget\" data-widget_type=\"heading.default\">\n\t\t\t\t<div class=\"elementor-widget-container\">\n\t\t\t\t\t<h2 class=\"elementor-heading-title elementor-size-default\">Mimari Program E\u011fitimlerimiz<\/h2>\t\t\t\t<\/div>\n\t\t\t\t<\/div>\n\t\t\t\t<div class=\"elementor-element elementor-element-58f049f elementor-widget elementor-widget-text-editor\" data-id=\"58f049f\" data-element_type=\"widget\" data-widget_type=\"text-editor.default\">\n\t\t\t\t<div class=\"elementor-widget-container\">\n\t\t\t\t\t\t\t\t\t<p>Alanlar\u0131nda uzman e\u011fitmen arkada\u015flar\u0131m\u0131zla birlikte sizlere mimari alanda bilmeniz gereken programlar\u0131 \u00f6\u011fretiyoruz. Bu programlar\u0131 \u00f6\u011frendikten meslek hayat\u0131n\u0131zda\u00a0 zorlanmadan \u00e7izimler ve teslimler yapabilirsiniz. Kurslar\u0131m\u0131z\u0131n sonunda e\u011fitimlere ait d\u00f6k\u00fcmanlar ve uluslararas\u0131 ge\u00e7erlili\u011fi olan onayl\u0131 sertfikalar\u0131m\u0131z kursiyerlere verilmektedir.<\/p>\t\t\t\t\t\t\t\t<\/div>\n\t\t\t\t<\/div>\n\t\t\t\t<\/div>\n\t\t\t\t<\/div>\n\t\t<div class=\"elementor-element elementor-element-33aa58a e-con-full e-flex e-con e-parent\" data-id=\"33aa58a\" data-element_type=\"container\" data-settings=\"{&quot;background_background&quot;:&quot;classic&quot;}\">\n\t\t<div class=\"elementor-element elementor-element-c11952d e-con-full e-flex e-con e-child\" data-id=\"c11952d\" data-element_type=\"container\">\n\t\t\t\t<div class=\"elementor-element elementor-element-77fded0 elementor-widget elementor-widget-image\" data-id=\"77fded0\" data-element_type=\"widget\" data-widget_type=\"image.default\">\n\t\t\t\t<div class=\"elementor-widget-container\">\n\t\t\t\t\t\t\t\t\t\t\t\t\t\t\t<img decoding=\"async\" width=\"954\" height=\"688\" src=\"https:\/\/basarchitecture.com\/wp-content\/uploads\/2025\/09\/Mimari-Program-Kuruphaneleri.jpeg\" class=\"attachment-2048x2048 size-2048x2048 wp-image-151\" alt=\"\" srcset=\"https:\/\/basarchitecture.com\/wp-content\/uploads\/2025\/09\/Mimari-Program-Kuruphaneleri.jpeg 954w, https:\/\/basarchitecture.com\/wp-content\/uploads\/2025\/09\/Mimari-Program-Kuruphaneleri-300x216.jpeg 300w, https:\/\/basarchitecture.com\/wp-content\/uploads\/2025\/09\/Mimari-Program-Kuruphaneleri-768x554.jpeg 768w\" sizes=\"(max-width: 954px) 100vw, 954px\" \/>\t\t\t\t\t\t\t\t\t\t\t\t\t\t\t<\/div>\n\t\t\t\t<\/div>\n\t\t\t\t<\/div>\n\t\t<div class=\"elementor-element elementor-element-9b86b45 e-con-full e-flex e-con e-child\" data-id=\"9b86b45\" data-element_type=\"container\">\n\t\t\t\t<div class=\"elementor-element elementor-element-16caa5f elementor-widget elementor-widget-heading\" data-id=\"16caa5f\" data-element_type=\"widget\" data-widget_type=\"heading.default\">\n\t\t\t\t<div class=\"elementor-widget-container\">\n\t\t\t\t\t<h2 class=\"elementor-heading-title elementor-size-default\">Mimari Program K\u00fct\u00fcphaneleri\n<\/h2>\t\t\t\t<\/div>\n\t\t\t\t<\/div>\n\t\t\t\t<div class=\"elementor-element elementor-element-fbb51ae elementor-widget elementor-widget-text-editor\" data-id=\"fbb51ae\" data-element_type=\"widget\" data-widget_type=\"text-editor.default\">\n\t\t\t\t<div class=\"elementor-widget-container\">\n\t\t\t\t\t\t\t\t\t<p>Mimari tasar\u0131m s\u00fcre\u00e7lerinde kullan\u0131lan yaz\u0131l\u0131mlar, projelerin do\u011fru, h\u0131zl\u0131 ve etkin bir \u015fekilde geli\u015ftirilmesine olanak sa\u011flamaktad\u0131r. Bu kapsamda, <strong data-start=\"286\" data-end=\"341\">AutoCAD, Revit, ArchiCAD, SketchUp, 3ds Max, Lumion<\/strong> ve benzeri programlara ait k\u00fct\u00fcphaneler, \u00e7izim \u015fablonlar\u0131, haz\u0131r model ve malzeme verileri taraf\u0131m\u0131zca eri\u015fime sunulmaktad\u0131r.\u00a0Amac\u0131m\u0131z; mimarl\u0131k ve tasar\u0131m alan\u0131nda \u00e7al\u0131\u015fan profesyonellere, projelerinde verimlili\u011fi art\u0131racak ve kaliteyi y\u00fckseltecek g\u00fcvenilir kaynaklar sa\u011flamakt\u0131r.<\/p>\t\t\t\t\t\t\t\t<\/div>\n\t\t\t\t<\/div>\n\t\t\t\t<\/div>\n\t\t\t\t<\/div>\n\t\t\t\t<\/div>\n\t\t","protected":false},"excerpt":{"rendered":"<p>Hizmetlerimiz \u0130htiyac\u0131n\u0131z Olan Vermek \u0130\u00e7in Buraday\u0131z. Mimari Program E\u011fitimlerimiz Alanlar\u0131nda uzman e\u011fitmen arkada\u015flar\u0131m\u0131zla birlikte sizlere mimari alanda bilmeniz gereken programlar\u0131 \u00f6\u011fretiyoruz. Bu programlar\u0131 \u00f6\u011frendikten meslek hayat\u0131n\u0131zda\u00a0 zorlanmadan \u00e7izimler ve teslimler yapabilirsiniz. Kurslar\u0131m\u0131z\u0131n sonunda e\u011fitimlere ait d\u00f6k\u00fcmanlar ve uluslararas\u0131 ge\u00e7erlili\u011fi olan onayl\u0131 sertfikalar\u0131m\u0131z kursiyerlere verilmektedir. Mimari Program K\u00fct\u00fcphaneleri Mimari tasar\u0131m s\u00fcre\u00e7lerinde kullan\u0131lan yaz\u0131l\u0131mlar, projelerin do\u011fru, h\u0131zl\u0131 [&hellip;]<\/p>\n","protected":false},"author":1,"featured_media":0,"parent":0,"menu_order":0,"comment_status":"closed","ping_status":"closed","template":"elementor_header_footer","meta":{"footnotes":""},"class_list":["post-25","page","type-page","status-publish","hentry","entry"],"_links":{"self":[{"href":"https:\/\/basarchitecture.com\/index.php\/wp-json\/wp\/v2\/pages\/25","targetHints":{"allow":["GET"]}}],"collection":[{"href":"https:\/\/basarchitecture.com\/index.php\/wp-json\/wp\/v2\/pages"}],"about":[{"href":"https:\/\/basarchitecture.com\/index.php\/wp-json\/wp\/v2\/types\/page"}],"author":[{"embeddable":true,"href":"https:\/\/basarchitecture.com\/index.php\/wp-json\/wp\/v2\/users\/1"}],"replies":[{"embeddable":true,"href":"https:\/\/basarchitecture.com\/index.php\/wp-json\/wp\/v2\/comments?post=25"}],"version-history":[{"count":28,"href":"https:\/\/basarchitecture.com\/index.php\/wp-json\/wp\/v2\/pages\/25\/revisions"}],"predecessor-version":[{"id":157,"href":"https:\/\/basarchitecture.com\/index.php\/wp-json\/wp\/v2\/pages\/25\/revisions\/157"}],"wp:attachment":[{"href":"https:\/\/basarchitecture.com\/index.php\/wp-json\/wp\/v2\/media?parent=25"}],"curies":[{"name":"wp","href":"https:\/\/api.w.org\/{rel}","templated":true}]}}